In base 16, what is 1dc - 24?
1b8
In base 6, what is 353 - -2?
355
In base 16, what is 10 + 32?
42
In base 14, what is -76c - 1?
-76d
In base 14, what is 305 + 33?
338
In base 7, what is -206 + 34?
-142
In base 8, what is -775 - -70?
-705
In base 7, what is 1 + -162?
-161
In base 6, what is -2 - -514?
512
In base 12, what is 334 - -3?
337
In base 4, what is 10 + 30330?
31000
In base 11, what is 3 + -285?
-282
In base 3, what is 10020 + -12?
10001
In base 13, what is -4 - 103?
-107
In base 8, what is 22 + -13?
7
In base 11, what is 77 - 4?
73
In base 15, what is -1c7 + -8?
-1d0
In base 2, what is 10000000110 + 10?
10000001000
In base 9, what is -4 + -10?
-14
In base 15, what is 40 + -1?
3e
In base 15, what is -3 + -5?
-8
In base 9, what is 4 + 838?
843
In base 14, what is -119 - 4?
-11d
In base 14, what is 25 + 1?
26
In base 7, what is 43 - -16?
62
In base 8, what is -6256 - 2?
-6260
In base 3, what is 12021 + 10101?
22122
In base 10, what is -35 + 13?
-22
In base 6, what is 10 + 332?
342
In base 3, what is -10012 - 120?
-10202
In base 5, what is -31 + -4444?
-10030
In base 13, what is -1 + -c?
-10
In base 13, what is 5 + -49?
-44
In base 5, what is 4043 + -32?
4011
In base 6, what is 351 - -11?
402
In base 4, what is 1023032 - 3?
1023023
In base 9, what is 2 + -66?
-64
In base 3, what is 1 - 2022?
-2021
In base 10, what is 105 - -107?
212
In base 4, what is -3 - 123303?
-123312
In base 2, what is 11 + 101101?
110000
In base 15, what is -11e - 4?
-123
In base 8, what is -7724 - 4?
-7730
In base 5, what is 1214 - -244?
2013
In base 13, what is -20 - -2?
-1b
In base 16, what is 36 - -4?
3a
In base 10, what is 239 + -3?
236
In base 9, what is 115 + -106?
8
In base 12, what is -513 - -20?
-4b3
In base 4, what is 1111113 + -3?
1111110
In base 15, what is 440 - 4?
43b
In base 14, what is -3 - -94?
91
In base 12, what is 1 + -11?
-10
In base 14, what is 25a + -3?
257
In base 15, what is -a6a - -4?
-a66
In base 7, what is 432 - 1?
431
In base 4, what is 122232 - -11?
122303
In base 4, what is -12203 + 2?
-12201
In base 4, what is -20 + 203?
123
In base 6, what is 154 - -14?
212
In base 10, what is -276 + -38?
-314
In base 5, what is 3 - 2414?
-2411
In base 13, what is -2 + 7b?
79
In base 16, what is 2 + -17d2?
-17d0
In base 8, what is -14 - 7?
-23
In base 11, what is -4a - -2?
-48
In base 13, what is 23 + 8?
2b
In base 8, what is -13 + -12?
-25
In base 11, what is -1 + 123?
122
In base 8, what is -44641 + -3?
-44644
In base 7, what is -2 + -202?
-204
In base 13, what is -2 - -3a?
38
In base 8, what is 1744 - -23?
1767
In base 10, what is -17 + -31?
-48
In base 9, what is -351 - -1?
-350
In base 3, what is -11 - -1012210?
1012122
In base 11, what is 3 + -235?
-232
In base 4, what is 0 - 102320?
-102320
In base 14, what is -3 - 392?
-395
In base 4, what is -21 + 121?
100
In base 9, what is 1 - -5458?
5460
In base 13, what is -2 - 43?
-45
In base 8, what is -251 + 11?
-240
In base 13, what is 3 + -28?
-25
In base 6, what is -2 + -105?
-111
In base 10, what is 46 - 36?
10
In base 2, what is -100101 + 100?
-100001
In base 4, what is -11 + 2102?
2031
In base 15, what is 2 + 67?
69
In base 9, what is 273 + -5?
267
In base 2, what is 110111000 + -1?
110110111
In base 6, what is -11341 - 3?
-11344
In base 11, what is 0 - -314?
314
In base 15, what is 0 + -200?
-200
In base 12, what is -3a0 + -2?
-3a2
In base 3, what is 112112 + -1?
112111
In base 4, what is 3 + 23010?
23013
In base 4, what is -3 + -102?
-111
In base 5, what is 234 - 10?
224
In base 5, what is -1 + -1124?
-1130
In base 12, what is -13 - -4?
-b
In base 7, what is -3 - -2655?
2652
In base 5, what is 2321 - 21?
2300
In base 10, what is -2 + -23?
-25
In base 13, what is -b4 + ca?
16
In base 7, what is 20401 + 2?
20403
In base 13, what is 11c9 - 4?
11c5
In base 13, what is b2 + -1?
b1
In base 12, what is -a5 - -37?
-6a
In base 10, what is -1045 + 4?
-1041
In base 2, what is -10000 - -101111?
11111
In base 14, what is -b0 + -a?
-ba
In base 13, what is 1bb3 + -4?
1bac
In base 10, what is -16215 - -5?
-16210
In base 13, what is 5 - 70?
-68
In base 10, what is 2 - -71?
73
In base 7, what is 2132 - 1?
2131
In base 12, what is -3 + -235?
-238
In base 5, what is -12044 + 14?
-12030
In base 14, what is 211 - 5?
20a
In base 3, what is -21 - -220100?
220002
In base 4, what is 13220 - -1?
13221
In base 5, what is -3 + -2124?
-2132
In base 9, what is -4 + 55?
51
In base 4, what is 10 - 22303?
-22233
In base 11, what is 0 + -24?
-24
In base 12, what is 17 - 9?
a
In base 7, what is 33 + -125?
-62
In base 14, what is -b3 - -2?
-b1
In base 14, what is 2 - -72?
74
In base 4, what is -11101332 - -3?
-11101323
In base 4, what is 120 - 21?
33
In base 11, what is 34 - 3?
31
In base 14, what is -17 - -5?
-12
In base 4, what is 11202 - 3?
11133
In base 8, what is -1 + 22?
21
In base 4, what is 11 + -221?
-210
In base 5, what is -111 - 0?
-111
In base 7, what is -2650 - -1?
-2646
In base 9, what is 1 - 25?
-24
In base 15, what is 3 + -133?
-130
In base 10, what is -1 - -108?
107
In base 15, what is -34 - 4?
-38
In base 5, what is -40 - 414?
-1004
In base 10, what is 187 + 0?
187
In base 6, what is 4 + 3020?
3024
In base 2, what is -100110 - 1001011000?
-1001111110
In base 15, what is 21 + 3dc?
40d
In base 15, what is 2 - 17b0?
-17ad
In base 14, what is -1ab + 0?
-1ab
In base 6, what is -3253 + 12?
-3241
In base 10, what is 57 - 0?
57
In base 7, what is 236 + -43?
163
In base 4, what is -12 - -2111?
2033
In base 13, what is -13 + -2c?
-42
In base 14, what is 4d - 2?
4b
In base 16, what is 3549 - -1?
354a
In base 12, what is -17 - 25?
-40
In base 16, what is 3 - 36?
-33
In base 9, what is 45 - -170?
225
In base 9, what is -14 - 282?
-306
In base 3, what is -20 - 100111?
-100201
In base 6, what is 3500 - 5?
3451
In base 13, what is -14 + 37?
23
In base 14, what is 16a + 15?
181
In base 6, what is 1 - 5?
-4
In base 15, what is 0 + 52b?
52b
In base 9, what is 28 - 4?
24
In base 14, what is -4 - 152?
-156
In base 2, what is 10000 + -11100?
-1100
In base 6, what is 1 + -244?
-243
In base 3, what is 12 + 1000?
1012
In base 10, what is 4 - -116?
120
In base 2, what is -1 + -1000100?
-1000101
In base 5, what is 11333 - -3?
11341
In base 14, what is 6c + 2?
70
In base 3, what is -1102202 + -2?
-1102211
In base 11, what is 7 - 8?
-1
In base 6, what is 103 - -551?
1054
In base 9, what is 113 + 3?
116
In base 2, what is -1 + 111100001?
111100000
In base 14, what is cc5 - -1?
cc6
In base 9, what is 0 + -8?
-8
In base 16, what is 0 - -77?
77
In base 9, what is -285 - 13?
-308
In base 2, what is -10000 + 0?
-10000
In base 7, what is -12 + 152?
140
In base 14, what is -1 + -2b0?
-2b1
In base 8, what is -2 + 243?
241
In base 13, what is 1b + -7a?
-5c
In base 10, what is -266 - 1?
-267
In base 14, what is 163 + -15?
14c
In base 10, what is 14 + -23?
-9
In base 2, what is -110011011111 + -110?
-110011100101
In base 4, what is 100 + -103?
-3
In base 14, what is -111 + -5?
-116
In base 4, what is -331223 + -3?
-331232
In base 3, what is -11 - 12102000?
-12102011
In base 14, what is 3ac + -3?
3a9
In base 8, what is -11 + -735?
-746
In base 9, what is -608 - 3?
-612
In base 3, what is 2121100 + 10?
2121110
In base 15, what is -3 - 92a?
-92d
In base 6, what is -1 + 1?
0
In base 4, what is -13120 - -12?
-13102
In base 11, what is 522 + 0?
522
In base 16, what is b6 + 8?
be
In base 7, what is -2553 + -1?
-2554
In base 2, what is 100010000 + -100?
100001100
In base 2, what is 1010010 - 1000011?
1111
In base 13, what is -4 + b0?
a9
In base 15, what is 3 + db?
de
In base 4, what is 11 - 1132?
-1121
In base 7, what is 5 - -11341?
11346
In base 14, what is 4 + 6?
a
In base 4, what is -1 + -1330?
-1331
In base 7, what is 45 - -45?
123
In base 5, what is 3331 - -3?
3334
In base 11, what is 4 - 4139?
-4135
In base 14, what is -a + dc?
d2
In base 8, what is -50 + -12?
-62
In base 16, what is bd + 4?
c1
In base 9, what is -3 + -422?
-425
In base 14, what is -449 - 0?
-449
In base 4, what is -1001133 - 11?
-1001210
In base 7, what is 260 - -21?
311
In base 4, what is 22 + -2211?
-2123
In base 13, what is -1 + -142?
-143
In base 13, what is 5 - 737?
-732
In base 6, what is -2 + -2150?
-2152
In base 4, what is 3020 + -1?
3013
In base 4, what is 132 - -2000?
2